 8 - 3 + 6*g. Let w be r(6). Suppose 11 = 4*l - w. Calculate the greatest common factor of l and 65.
13
Let d = 82 + -55. Calculate the highest common divisor of d and 63.
9
Suppose -j + 10 = j. Suppose 4*u = -j*y + 23, 0*u = 2*y + 3*u - 12. Let b = 250 + -247. Calculate the greatest common divisor of y and b.
3
Suppose -b = y - 69, 0 = 5*y + b + 121 - 470. What is the highest common factor of 560 and y?
70
Let j(o) = -o**3 + 7*o**2 - 3*o - 8. Let g be j(6). Suppose 3*p + 5*x - 45 = 0, 2*x - 45 = -3*p - x. What is the highest common divisor of p and g?
5
Let j be (-95)/(-2) - 5/(-10). Let x be 31 - ((-3 - 0) + 2). What is the highest common divisor of x and j?
16
Suppose 0 = -17*y + 51 + 34. Calculate the greatest common factor of 45 and y.
5
Let n = -7 + 22. Suppose -5*t + 32 = -3*b, 0 = t + 2*b + 6 - 15. Suppose 0 = -d + 3 + t. Calculate the highest common divisor of d and n.
5
Let c be (38 + 0)*(-2394)/(-252). What is the highest common factor of 95 and c?
19
Suppose -36*t - 143 = -49*t. Let k(z) = -z**3 - 3*z**2 + 7*z + 7. Let h be k(-5). What is the highest common divisor of t and h?
11
Suppose 3*t = 7*t - 8. Suppose -t*g = -g - 10. Calculate the highest common divisor of g and 25.
5
Let c(v) = v**2 + 48*v + 463. Let z be c(-37). Calculate the greatest common factor of 1988 and z.
28
Let f = 31 - 9. Suppose -9*v - 20 = -5*v. Let t be (1 + 0)*(7 + (v - 0)). Calculate the greatest common factor of f and t.
2
Let h(z) = -77*z + 565. Let k be h(-6). Calculate the greatest common divisor of 79 and k.
79
Let s be (-3)/(-4) + -1 - (-2)/8. Suppose s*f + 4*f - 2*j - 146 = 0, -j = -4*f + 145. What is the highest common divisor of f and 180?
36
Let t = -17 - -27. Let v = 17 + 28. Suppose -87 = -3*o - 3*h, 0*o = o + 5*h - v. Calculate the highest common divisor of t and o.
5
Let y = 34 + 86. Let w be 14/(-21) + (-15)/(-9). Let u be ((-6)/(-10))/w*25. What is the greatest common factor of u and y?
15
Let r be 2/3 + (-62)/(-6). Suppose -65*i + 142*i - 4235 = 42*i. What is the greatest common factor of i and r?
11
Let q(r) = r**3 + 2*r**2 - 10*r. Let v be q(-5). Let j be (-20)/v*80/2. Let b be (-414)/161*((-100)/6 - 2). What is the greatest common factor of b and j?
16
Let y be (-2 - (-13 - 4))*1. Suppose u - y = -2. Calculate the highest common factor of u and 65.
13
Let y = -59 - -123. What is the greatest common factor of y and 208?
16
Let v be 14/(-70) - (-152)/10. Let g be ((-16)/12)/(2/(-15)). Calculate the highest common factor of g and v.
5
Suppose 2*r - 3*h = 12, -3*r + 2 = r + 5*h. Suppose 3*y - 67 = -3*g + 56, -r*y - 4*g + 128 = 0. What is the highest common divisor of y and 90?
18
Suppose -h + 701 = 4*m - 2*m, 0 = 5*h - m - 3560. Calculate the highest common divisor of h and 9.
9
Let k(f) be the first derivative of 1/3*f**3 - 7/2*f**2 + 0*f + 5. Let s be k(8). What is the highest common factor of 1 and s?
1
Suppose 0 = -7*m + 46 + 157. What is the highest common factor of 3509 and m?
29
Let u = -4 - -6. Suppose u*y - 64 - 2 = 0. Let j = y - 7. What is the highest common divisor of 39 and j?
13
Let i = -10 - -15. Let c be (3 + i/25)*15. What is the highest common factor of 32 and c?
16
Let v be 4/2*426/(-4). Suppose 10*g = 829 - 3949. Let a = v - g. Calculate the greatest common divisor of 9 and a.
9
Let t(m) = 4*m**2 + m. Let c(a) = 1. Let s(r) = -c(r) + t(r). Suppose -3*x + 2*x + 2 = 0. Let i be s(x). What is the greatest common factor of i and 17?
17
Let l(a) = 4*a + 26. Let i be l(-5). What is the greatest common factor of 84 and i?
6
Let u be (2/(-2))/(14/(-14)) - -895. Calculate the highest common factor of 14 and u.
14
Suppose 0 = 6*h - 13*h + 441. Calculate the greatest common factor of h and 441.
63
Suppose 0 = 2*j - 12 - 6. Suppose u - j = 19. Let g(x) = 19*x**3 - 2*x**2 - 3*x + 2. Let l be g(2). What is the highest common divisor of l and u?
28
Let w be 5/15 + 128/12. Let a = 292 - 248. What is the greatest common factor of w and a?
11
Let p = 1 - -2. Suppose u - 15 = 5*w - 1, 42 = p*u + 3*w. Let b be 5*30 + 8 + -4. What is the greatest common factor of u and b?
14
Suppose 4*v - 76 = 28. Let t = -69 + 37. Let m = 45 + t. What is the highest common factor of v and m?
13
Let m(o) = -38*o + 3. Let y be 8/(-3) - (-3)/(-9). Let w be m(y). Suppose -t = -w - 90. Calculate the greatest common divisor of 23 and t.
23
Let f(c) = 72*c - 507. Let w be f(11). Calculate the highest common divisor of 30 and w.
15
Suppose 0 = -0*w - 3*w. Let k be 4 + 5 + w/3. What is the greatest common factor of k and 9?
9
Let h(f) = f**2 - 3*f - 20. Let b be h(6). Let w = b + 90. What is the highest common divisor of w and 8?
8
Let d(k) = k**3 + 40*k**2 + 73*k - 86. Let b be d(-38). What is the highest common factor of 14 and b?
14
Let d(o) = -o**3 + 7*o**2 + 11*o - 20. Let y be d(8). Suppose -4*w + 4*j + 60 = 0, -4*w + y*j + 55 = j. Calculate the greatest common factor of 25 and w.
5
Suppose 11*p - 4842 - 3870 = 0. Suppose -6*k + 2*k + p = 0. Suppose -b = -3*a + 58, -4*b - 12 = -b. Calculate the greatest common factor of a and k.
18
Let q be (-8)/24 + 133/3. What is the highest common factor of q and 11?
11
Suppose -3*w = 2*w - 10. Let k(l) = -4*l + 76. Let v be k(0). Suppose v = w*c - 0. What is the highest common divisor of 95 and c?
19
Let h(j) = j**2 - 12*j + 4. Let q be h(12). Let n be -2 + -57*(q - 7). Suppose -4*l + n = 1. Calculate the greatest common factor of l and 21.
21
Suppose -9*u - 40 = -10*u. Suppose 45 = 5*x + 5*l, -2*x - 13 + 1 = -4*l. Suppose -3*v - 8 = -x*v. Calculate the highest common divisor of v and u.
8
Let b(p) = -p**3 + 5*p**2 + 5*p + 10. Let x be b(6). Let w be 20*8 - 4/((-8)/x). What is the greatest common divisor of 18 and w?
18
Let l(t) = -6*t**3 - 10*t**2 + 2*t - 1. Let q be l(-2). Calculate the highest common divisor of q and 19.
1
Let a(m) be the third derivative of -m**6/120 + 2*m**5/15 - m**4/4 - m**3/3 - 14*m**2. Let c be a(6). What is the highest common factor of 119 and c?
17
Let p(v) = v**2 - 2*v. Let q be p(2). Suppose 4*r - r - 24 = q. Suppose -s + 48 = 4*l - 0*l, 0 = 3*s - 3*l - 114. What is the highest common factor of r and s?
8
Let s be -3*63/(-27)*(1 + 4). What is the highest common factor of 35 and s?
35
Suppose -5*t = -3*l - 92, -45*t + 46*t - 8 = -2*l. Suppose -3 = -2*y + 13. What is the greatest common divisor of y and t?
8
Let q = 18 - 27. Let o be ((-6)/q)/(2/294). Suppose 9*c - o = 2*c. Calculate the greatest common divisor of 98 and c.
14
Suppose -3*z = 5*s + 33, 3*s = -s + z - 40. Let i(k) = 6 + 3*k - 15*k - 10*k**2 - k**3 - 9. Let g be i(s). Calculate the greatest common divisor of 36 and g.
12
Let a(r) = 13*r - 13. Let c be a(4). Calculate the highest common divisor of 13 and c.
13
Suppose -12*x + 480 = 4*x. Calculate the greatest common divisor of x and 24.
6
Let x(c) = 347*c + 512. Let v be x(5). Calculate the highest common factor of 21 and v.
21
Let p(z) = -6*z - 47. Let r be p(-8). Let y be 1 - 1/(2/(-22)). Let c be y + r + 8/4. What is the greatest common factor of 3 and c?
3
Let o be (1 - 2)/((-2)/6). Let d = 497 - 493. Let k be 2495/15 - d/o. Calculate the highest common divisor of 15 and k.
15
Let u = 4 - -2. Suppose 3*d - 29 = 7. What is the greatest common divisor of u and d?
6
Let l = 328 - 93. Suppose -5*k - 5*w = -l, 5*w - 27 - 16 = -k. Suppose -q - 2*q + 48 = -4*r, 4*r = -5*q + k. What is the highest common divisor of q and 108?
12
Let z be 1814/18 + (-16)/(-72). Let s = z - 90. Calculate the highest common divisor of 319 and s.
11
Suppose -64 = 3*q + 17. Let i be (-420)/24*12/(-5). Let j = q + i. What is the greatest common divisor of j and 60?
15
Suppose 30*i - 343 = -223. What is the greatest common divisor of i and 424?
4
Let q be 17 + (10 - 11) + 0. Let c(w) = 6*w**2 + 2*w + 4. Let p be c(-6). Calculate the highest common factor of p and q.
16
Let h = 769 - 414. Let q = -171 + h. Let z(j) = -6*j + 5. Let b be z(-3). Calculate the highest common factor of q and b.
23
Let z be 189*(-16)/(-12) + 9. Calculate the greatest common factor of z and 9.
9
Let q = -39 - -50. Suppose -5*i = -10, 0*p - 267 = -5*p + 4*i. Calculate the highest common divisor of q and p.
11
Let h = 231 - -309. What is the highest common divisor of h and 20?
20
Suppose 5*v - 69 = -3*w, -w = -4*v + 5*v - 13. Suppo